ose 0*p + 385 = 5*p - 4*x, x = -p + 68. What is the greatest common factor of 584 and p?
73
Let m(o) = -3*o**2 + 2*o + 2. Let t be m(2). Let p be 208 + 3/(t/4). Suppose 4*f + 30 = p. What is the greatest common divisor of 22 and f?
22
Let b(q) = -30 + 0*q**3 - 4*q**3 - 6*q**2 + 28. Let z be b(-2). Calculate the greatest common factor of 18 and z.
6
Suppose -5*q = 0, 5*c - 1047 + 12 = 2*q. Calculate the greatest common factor of c and 69.
69
Suppose 35*r - 7560 = -7*r - 3*r. Let i be 142/6 + 3/9. Calculate the greatest common divisor of r and i.
24
Let d(y) = -9*y. Let o be d(-2). Let a = o + 38. What is the highest common divisor of a and 7?
7
Let m be (-2)/(-2) + 12/3. Suppose g - m*x + 19 = 3*g, -5*g + 3*x = -63. Let z be (27/4)/(3/40*5). Calculate the greatest common divisor of z and g.
6
Let f be (2 - 76)/((-7)/21). What is the highest common divisor of f and 6?
6
Let h(f) = 4*f**2 + 4*f + 11. Let g be h(-4). Let r be 166/(-4) - (-2)/4. Let b = r + g. Calculate the greatest common divisor of 6 and b.
6
Let p = 8 - 5. Let o be 21/(-28)*(-16)/9 - 95/(-3). Calculate the greatest common factor of p and o.
3
Let l be (-460080)/(-510) + (-10)/85. Calculate the greatest common divisor of l and 11.
11
Let p(r) = 6*r. Let y be p(9). Let j = y + -18. What is the greatest common divisor of j and 54?
18
Let m be 3*(-1 + 25) + 4. Calculate the highest common divisor of 8 and m.
4
Let f(t) = -2*t**3 + 33*t**2 + 16*t + 29. Let a be f(17). Let n = 110 - 74. Calculate the highest common factor of n and a.
12
Suppose 5*n - 199 + 64 = 0. Let g be (-31)/(1860/(-144))*(-5)/(-2). What is the greatest common divisor of n and g?
3
Suppose 2*b - 5*s - 36 = 0, -16*b + 4*s + 8 = -17*b. What is the highest common factor of 528 and b?
8
Suppose 5*q - 2*i - 978 = 0, -8*i = q - 10*i - 194. Calculate the greatest common divisor of 4 and q.
4
Let r(c) = 48*c + 2. Let z be r(1). Calculate the greatest common factor of z and 10.
10
Let j(x) = 2*x + 5 - 2*x + x + 4. Let r be j(-8). Let n be 2/6*3 - 0. What is the greatest common divisor of r and n?
1
Suppose 28*f - 33*f + 945 = 0. Let z be (-30)/(-6) + 0 + -1. Let m(g) = g**3 - 3*g**2 + 3*g - 1. Let s be m(z). Calculate the greatest common factor of s and f.
27
Suppose 3*p - 59 = 22. Suppose 4*f - 18 = -2*o, 0 = 2*o - 3*f + 1 + 2. Let b be p/6 - o/(-2). What is the greatest common divisor of b and 42?
6
Let i be (-8)/40 - 252/(-10). Let h = -11 + i. Let m be (-35)/(0 + 2/(-8)). What is the greatest common factor of m and h?
14
Let b be (-780)/(-198) + (-2)/(-33). What is the greatest common factor of b and 164?
4
Let t = 100 + -48. Calculate the highest common divisor of t and 676.
52
Suppose 360 = 5*r + 5*r. Suppose 6*m = 8*m - 18. What is the highest common divisor of m and r?
9
Let b(o) = -o**2 - 20*o - 15. Let y be b(-19). Suppose 4*a - 115 = -5*f + 8*a, -y*a = 3*f - 37. What is the highest common factor of f and 38?
19
Let n(k) = -k + 1. Let w be n(4). Let c = w + 11. Suppose -5*p - 5*t + 695 = 0, 0 = 2*t - c - 0. What is the greatest common factor of p and 54?
27
Let z = -100 + 191. Let y be -3 + z/14*8/2. What is the greatest common divisor of y and 161?
23
Suppose -3*x = -n - 6436, x - 2*n + 3*n - 2148 = 0. What is the greatest common factor of x and 74?
74
Let c be 52*6/(-28)*(-147)/14. Let x = 123 - c. Calculate the highest common factor of 114 and x.
6
Suppose -20*z + 23*z = 2112. Calculate the greatest common factor of 64 and z.
64
Suppose -5*n = -1091 + 896. What is the greatest common factor of n and 169?
13
Let i(x) = x**2 + 4*x - 1. Let u be i(-4). Let n be (6 + -3 - 3)/u. Suppose n*z - z + 36 = 0. Calculate the greatest common divisor of 12 and z.
12
Let q(a) = a + 15. Let m be q(-10). Suppose -p + m = 5*x, -2*p - 23 = -4*x + p. Suppose j = -x*j + 39. What is the highest common divisor of 39 and j?
13
Let s = 49 + -14. Let v(o) = 10 - 21*o**2 - 22*o**2 + s*o**2 + o**3 - o. Let m be v(8). Calculate the highest common factor of m and 10.
2
Suppose -2*y + 3*b - 7 = 0, -4*y - 5 = 4*b - b. Let g be 5 - (y/(-2) - -2). Suppose w + g*w - 24 = 0. What is the greatest common factor of 8 and w?
8
Let u = -24 + 123. Let d = -83 + u. Calculate the highest common divisor of d and 256.
16
Let p = 27 + 13. Suppose p = -7*t + 103. What is the greatest common divisor of 63 and t?
9
Suppose 37 = 4*v - 131. What is the greatest common factor of 14 and v?
14
Let b(z) = -z. Let d be b(-2). Suppose -d*h + 1 = -7. What is the greatest common divisor of 10 and h?
2
Suppose 2*d = -3*d + 15. Suppose 5*f + 2 = d*c - 9, 4*c = 2*f + 10. Calculate the highest common factor of 18 and c.
2
Let l be (-2)/(-3 - 25/(-9)). Suppose l*r - 4*r = 30. What is the greatest common divisor of 48 and r?
6
Let s(k) = 10*k**2 + 135*k - 12. Let q be s(-14). What is the greatest common factor of q and 435?
29
Suppose 12 = 4*n - 0*n. Suppose 18*g = -n*g + 588. Calculate the greatest common factor of 308 and g.
28
Let v be 4/(16/(-28)) - (-1 + 2). Let i be 11/((-33)/12)*v/2. What is the greatest common factor of 2 and i?
2
Suppose -2*j - 16*d + 21*d = -561, -2*d = 6. Let a = -6 + 45. What is the highest common factor of j and a?
39
Suppose x = -5*l + l - 45, 0 = -x + 5*l - 27. Let c be (-35 - x)/(0 - 1/(-22)). Calculate the highest common divisor of 66 and c.
22
Suppose i = -2*g + 97, 3*g - 5*i + 39 = 152. Let y be (-102)/119*(-483)/6. Calculate the greatest common factor of y and g.
23
Let h be ((-8)/14 + 0)/((-3)/357). Calculate the highest common factor of h and 391.
17
Suppose 2*i + 284 + 12 = 0. Let l = i - -276. Suppose -17*t + 13*t = -l. What is the greatest common divisor of t and 80?
16
Suppose d = 3*t - 13 + 3, t - 30 = -5*d. Suppose -3*x + 38 = 3*u + u, 0 = 3*u + d*x - 34. What is the highest common factor of u and 56?
8
Let j = 16 - 12. Suppose -5*s = -c - 131, 8 = -3*s + j*c + 73. What is the highest common factor of s and 18?
9
Let a(w) = -2*w**3 - 2*w**2 + 4*w + 4. Let k be a(-3). Let f be (5/(-4))/((-4)/224). Calculate the highest common divisor of f and k.
14
Suppose -j + 0*j = 42. Let d = j - -64. Calculate the highest common factor of d and 110.
22
Let g = 15 - 3. Let o be -192*(-1)/(g/21). Calculate the greatest common factor of 42 and o.
42
Suppose 0*l + 8 = 4*l. Suppose 5*i - l*v = 12, 3*i = 6*v - v + 11. Suppose -30 = -i*o + o. What is the highest common factor of 10 and o?
10
Let o(a) = -a**2 - 11*a + 11. Let b be o(-6). Let j be (-5 - -6 - 2) + b. Calculate the highest common divisor of 80 and j.
40
Let n be ((-80)/(-30))/((-2)/(-3)). Suppose 99 = z - 14*h + 9*h, -412 = -n*z + 4*h. Calculate the greatest common divisor of z and 13.
13
Let c be (79/(-2))/((-2)/4). Suppose 2*q = -4*g + 68, -18 - c = -3*q - 5*g. Let h(w) = -18*w + 96. Let l be h(0). What is the highest common factor of q and l?
24
Suppose 19*i = 653 - 121. Suppose -68 = -4*r + 3*f + f, -3*r + 33 = 3*f. What is the highest common factor of i and r?
14
Suppose -1055 = -22*r - 87. Suppose -5*t + 0*t = -1680. Suppose -2*f - f = -3*m - t, -m - 222 = -2*f. Calculate the greatest common divisor of r and f.
22
Suppose 2*p = -2*p - 2*h + 16, -5*p + 6 = -h. Suppose -4*n = -5*t - 18, 3*t - 8*t = 4*n + p. Calculate the greatest common divisor of n and 8.
2
Let b be (5/(-3))/(5/(-45)*3). Suppose -3*f - b*k + 775 = 2*f, -2*k - 306 = -2*f. What is the highest common factor of f and 22?
22
Suppose -4*o + 32 = -56. Suppose -3*q + o = -5. What is the greatest common factor of q and 36?
9
Suppose l - 81 = 4*a + 306, -2*l - 2*a + 824 = 0. What is the highest common divisor of l and 37?
37
Let v(b) = -b**3 - 7*b**2 + 2*b + 16. Let x be ((-2)/4)/((-2)/(-28)). Let m be v(x). What is the greatest common factor of m and 1?
1
Let m(h) = -h**2 - 8*h + 24. Let l be m(-10). Suppose -r = l*b - 2*r - 9, -r + 7 = 4*b. Calculate the highest common factor of 3 and b.
1
Let h(j) = -j**3 - 8*j**2 - 10*j - 3. Let a be h(-7). What is the greatest common factor of 27 and a?
9
Let q be 4/(-18) + (-2)/(-9). Let s be 37 + (q/(-2) - 0). Suppose -3*a + s + 20 = 0. What is the highest common divisor of a and 19?
19
Suppose 106 = 2*z - 48. Suppose 25 = -5*n + 2*d + 77, 0 = 2*d + 2. Let p = 17 - n. What is the highest common divisor of p and z?
7
Suppose -3*w - 3*y = -174, 2*y - 6 = 2. What is the greatest commo